102*f + 57136 - 12970. What is the remainder when f is divided by (-6)/1*(-10)/4?
13
Suppose 3*q = 3*a + 240, 2*q = -12*a + 8*a + 184. Calculate the remainder when 145 is divided by q.
61
Let b(a) = 3*a**2 - 7*a + 15. Let c = -164 + 167. What is the remainder when b(c) is divided by 12?
9
Suppose 21*f + 24 = 29*f. Suppose -f*i = 3*o - 32 + 5, 15 = 2*i + 3*o. What is the remainder when 177 is divided by i?
9
Suppose -12*o - 2413 + 22525 = 0. What is the remainder when (2 - 28/8)/((-6)/o) is divided by 107?
98
Let g(n) = 5*n - 10. Let p(i) = -i + 18. Let o(l) = 2*l - 37. Let z(k) = 6*o(k) + 13*p(k). Calculate the remainder when z(-6) is divided by g(3).
3
Suppose 0 = 4*i + 4*b - 472, 0 = 56*i - 58*i + b + 224. Calculate the remainder when 1707 is divided by i.
111
Let g(k) = -76*k + 22. Suppose -5*b + 34 - 17 = -4*f, -f + 2 = 5*b. What is the remainder when g(f) is divided by 18?
16
Let k be 3/12*4 - -4. Let a be 5/(k/9) + 1. Suppose -93 = -a*w - 33. Calculate the remainder when 20 is divided by w.
2
Suppose -t + 92*o - 93*o + 18 = 0, 53 = 3*t + 2*o. Suppose 2*g + 12 = 4*n, -2*n = -2*g + 2 - 6. What is the remainder when t is divided by g?
1
Suppose 3*x = -7*d + 11*d + 263, 4*x - 364 = 2*d. Let a = 0 - -2. Calculate the remainder when x is divided by (-64)/(a/(-1)) - 0.
29
Let z be (-96)/28 + (-4)/7. Let k be 7/(2 + 4/z). Let d = 11 - k. What is the remainder when 21 is divided by d?
1
Suppose -2*k + 33 = 5*f, 5*k = 6*f - 2*f. Let a(n) be the second derivative of 3*n**3/2 - 2*n**2 - 8*n. Calculate the remainder when a(k) is divided by 11.
10
Let z be 65/7 - 4/14. Suppose 2*u = z*f - 6*f - 802, 278 = f + 2*u. Suppose 0 = -16*i + i + f. Calculate the remainder when 60 is divided by i.
6
Suppose 4*w = 4*o + 72, 2*o = 4*w + o - 66. What is the remainder when (20 + (0 - 468/24))/((-2)/(-244)) is divided by w?
13
Suppose -2*z = 3*m - 11, 3*m + z = 13 - 0. Calculate the remainder when -6 + (-76)/(-6) + -6 + 341/33 is divided by m.
1
Suppose 60 - 35 = 5*t. What is the remainder when 1684 is divided by t?
4
Suppose g = 3*n + 1344, -5 = 2*n + 2*g + 883. Let o = n - -464. Calculate the remainder when 82 is divided by o.
14
What is the remainder when (311274/42 - -3)*2 - 28/49 is divided by 10?
8
Let p be (63/(-2))/((-5)/(-10)). Let i be 270/4 - (-69)/46. Let x = p + i. Calculate the remainder when 9 is divided by x.
3
Let k be (0 - 0)/(3 - 2). Suppose k = -o + z + 95, -38*o + z = -36*o - 189. What is the remainder when o is divided by 31?
1
Let s(w) = w**2 + 19*w + 14. Let d(f) = -f + 1. Let q(a) = -2*d(a) - s(a). Let v be q(-17). What is the remainder when (-220)/6*(-2)/(v/(-12)) is divided by 29?
26
Let s = -36 - -21. Let u(m) = -m**2 - 14*m + 19. Let b be u(s). Suppose -b*x = -123 - 89. Calculate the remainder when x is divided by 28.
25
Suppose 0 = 27*b - 8 - 127. Suppose 3*n - b*g + 1 = 16, -4*n = -g - 37. What is the remainder when 46 is divided by n?
6
Let n(b) = b**2 - 4*b - 67. Let i be (-15)/(-5)*(2 + 5/3). What is the remainder when 33 is divided by n(i)?
3
Let d = 34288 + -33173. What is the remainder when d is divided by 73?
20
What is the remainder when 29915/(-1395)*(-27)/3 is divided by 56 + -1 - (1 + -1)?
28
What is the remainder when 1481 is divided by (-5)/5*(-21)/(-12)*(-3376)/4?
4
Suppose 60*f - 3899 = 5761. Suppose 2*b - 70 = 5*y - 273, 43 = y + 2*b. Calculate the remainder when f is divided by y.
38
Let y = -59 + 66. Suppose y*a = 25*a - 360. What is the remainder when 59 is divided by a?
19
Suppose 20*n + 49 = 37*n - 16*n. What is the remainder when 1224 is divided by n?
48
Suppose 0*u - 3*z = 2*u - 14, -u = -4*z + 15. What is the remainder when ((-6)/4)/((-36)/816) is divided by 9*u*(11 - 10)?
7
Suppose -5*z + 7 = -3, 82 = -3*n + 5*z. Let f = n - -63. Let b = f + -34. Calculate the remainder when 9 is divided by b.
4
Let h = -35 - -58. Let b(f) = -f**3 - 27*f**2 + 279*f + 6446. Calculate the remainder when b(-29) is divided by h.
14
Let c(a) = -14*a**2 - 5*a. Let n be c(-2). Let z be n/((-2 - 0 - 0) + 4). Let i = z + 38. What is the remainder when i is divided by 11?
4
Suppose 0 = -2*m + 258 + 78. What is the remainder when m is divided by 85?
83
Let w = 102 - 57. Let o = -3790 + 3828. What is the remainder when w is divided by o?
7
Let o(z) = -z**2 - 19*z + 1. Let a(n) = -n**2 - 20*n + 2. Let m(h) = -6*a(h) + 7*o(h). Calculate the remainder when 81 is divided by m(-12).
4
Suppose -8*l = -3*l - 2*o - 1150, -5*l - 3*o = -1150. Suppose -l + 495 = 5*f. Calculate the remainder when f is divided by 10.
3
Let g = 82 + -78. Suppose -7*y + 3*y = -252. Calculate the remainder when y is divided by g/(-14) - (-2783)/161.
12
Let u(z) = 5*z**3 + z**2 + 2*z - 1. Let x = -102 + 28. Let a = 90 + x. Calculate the remainder when u(2) is divided by a.
15
Let k(x) = x**2 - 9*x - 12. Let i be k(-17). Suppose 142 - i = -18*a. What is the remainder when 142 is divided by a?
14
Let p = -8466 - -8498. What is the remainder when 2125 is divided by p?
13
Suppose 20*m + 7*m = 81. Suppose 2*v = -1 + 5, m*t + 5*v = 130. Calculate the remainder when t is divided by 25.
15
Let r = 35878 + -35844. What is the remainder when 221 is divided by r?
17
Suppose q = -4*l + 324, 3*l = 4*q - l - 1376. Suppose -132*p + 152*p = q. What is the remainder when 104 is divided by p?
2
Let j be 1*6/3 - 4*-7. Let w = 45 - j. Calculate the remainder when 70 is divided by w.
10
Let f = -2208 + 2412. What is the remainder when 422 is divided by f?
14
Let w(g) = -4*g**2 + 5*g + 21. Let n be w(-4). Let k = 70 + n. Calculate the remainder when k is divided by 14/6 + (-4)/(-6).
1
Suppose 2*v - 51 = -3*l + 2*l, -78 = -3*v - 2*l. Suppose -1 = -4*n - 17, s = n + v. Suppose 36 + s = 4*o. What is the remainder when 68 is divided by o?
12
Let p = 57 - 31. Let w(f) = 164*f + 267. Calculate the remainder when w(-1) is divided by p.
25
Calculate the remainder when 186 is divided by 8/(-6)*(49/14 + -1 - 19).
10
Let o(l) = -4*l**2 + 16*l + 3. Let z be o(4). Suppose 0 = 2*u - z*p - 14 - 95, -p - 107 = -2*u. Calculate the remainder when 208 is divided by u.
49
Suppose 0 = 155*g + 3539 - 7820 - 9824. What is the remainder when 1999 is divided by g?
88
Let l = -5 + 7. Suppose 3*q - 45 = -l*q. Let d(n) = -2*n**2 + 30*n + 29492. Calculate the remainder when d(-114) is divided by q.
8
Let y(x) = 38*x + 3. Let f be y(-1). Let h be (8547/f)/(2*1/(-10)). What is the remainder when 145 is divided by (2/(-6))/(22/h)*-2?
34
Let u(z) = -2*z**2 - 119*z + 256. Calculate the remainder when u(-57) is divided by 139.
124
Calculate the remainder when 285 is divided by (18/(-24))/((-11)/1496).
81
Let z = 55 + -97. Calculate the remainder when 9 is divided by 7/2 - z/28.
4
Suppose 3*s = x - 3*x - 11, -5*x - 2*s - 11 = 0. Let h(q) = -2*q**2 - 9*q + 2. Let p be h(-4). What is the remainder when 21 is divided by (x + 5)*p/4?
3
Let s(b) = -b**3 + 10*b**2 - 13*b - 2. Let y be s(9). Let x = y + 51. Calculate the remainder when -2 + 19 + -4 + 0 + 1 is divided by x.
1
Let p(b) = 4*b**2 + 501*b - 411. What is the remainder when 547 is divided by p(-127)?
69
Let l = -642 + 644. Suppose 2043 = -0*t + 3*t - d, t - l*d = 676. Calculate the remainder when t is divided by 36.
34
Let w = 39 + -2. Let i(v) = -13*v - 23. Let k be i(-10). Let y = -34 + k. Calculate the remainder when y is divided by w.
36
Suppose -n = -3*k - 13 - 13, 4*n - 2*k - 84 = 0. Suppose -n*f + 718 - 98 = 0. Calculate the remainder when 216 is divided by f.
30
Let p(v) = -6*v**2 - 7*v + 22. Let s(x) = -5*x**2 - 7*x + 21. Let f(d) = -3*p(d) + 4*s(d). Calculate the remainder when 8 is divided by f(-5).
2
Suppose 4*b = 4*w + 3*b - 6788, 2*b + 10186 = 6*w. Calculate the remainder when w is divided by 432.
399
Let r be 9*1*1/3. Let a = -405 + 405. Suppose 2*h - 7*t + r*t - 86 = a, 190 = 4*h + t. What is the remainder when h is divided by 10?
7
Suppose 2*g = k + 9, g - 61*k + 58*k = -3. Let m(q) = 2*q**2 - 2*q - 1. Let d = 0 + 3. What is the remainder when m(d) is divided by g?
5
Let z(s) = s**2 + 16*s - 44. What is the remainder when z(8) is divided by 15?
13
Suppose 3*h = 3*m + 8*h - 79, m - 49 = 4*h. Let p be (-2)/1 - (-14 - -3). What is the remainder when 54 is divided by (p/(-3))/((-108)/m + 3)?
10
Let h(y) = y**3 + 3*y**2 + 14*y + 48. Let z be h(-7). Let i = z 